 k(x) be the third derivative of b(x). Calculate k(5).
-7
Let w(d) = -d**2 + 5*d + 8. Let l be w(6). Let b(r) = -3*r**2 - 9 + 7 + 7*r + r**3 - 5*r. Determine b(l).
-2
Let y = -3 - -6. Let s(f) be the second derivative of 0 - 1/3*f**4 - 2*f + 1/2*f**2 + 1/20*f**5 - 2/3*f**y. What is s(5)?
6
Suppose -12 = -8*l + 36. Let b(p) = p - 8. What is b(l)?
-2
Let i(y) = y**2 - y - 1. Suppose 97 = 5*h + 4*n, -5*h + 103 = 4*n - 3*n. Let k be (-3)/((h/(-2))/7). Calculate i(k).
1
Let k(p) = -2*p**3 + 9*p**2 - 9*p + 21. Let r(n) = -n**3 + 4*n**2 - 5*n + 11. Let t(a) = 3*k(a) - 5*r(a). Give t(7).
-6
Suppose 0*m - 4*m - 5*v + 41 = 0, 4*m + 3*v = 39. Let y(k) = m + 3*k + 7*k - 9*k. Suppose 0*a + 2*a - 5*g + 30 = 0, 0 = 5*a - g + 29. Determine y(a).
4
Let z(b) be the first derivative of -3*b**4/2 + 2*b**3/3 - b**2/2 - 5. Determine z(1).
-5
Let q(i) be the third derivative of i**3 - 1/120*i**6 + 0 - 1/12*i**4 + 0*i + 1/10*i**5 - 9*i**2. Calculate q(6).
-6
Let i(h) = h - 1. Let o be i(1). Let l(m) = 7*m - 2 - 7*m**2 + o + 0*m - 2 + m**3. Determine l(6).
2
Let i(m) = m + 5. Let j = -14 - -16. Let k be (j - 2)*(-6 - -5). Give i(k).
5
Let k(o) = -2*o**2 + 4. Let z = 9 - 6. Calculate k(z).
-14
Let v(b) = 0*b**2 - 4 - 6*b**2 + 3*b**2 + b**3. Let a = 3 + 0. Give v(a).
-4
Let l(z) be the first derivative of -2 - 1/2*z**2 - 1/3*z**3 - 4*z. Suppose -v + 6*v - 6 = 2*g, -4*v = -g - 3. Give l(v).
-4
Suppose 3 = -4*d + 27. Let v be ((-2)/(-3))/((-2)/d). Let w(x) = x + 4. What is w(v)?
2
Let r(v) = -v**2 + 2. Let p = -16 - -8. Let m = p - -10. Let u = 1 + m. Calculate r(u).
-7
Let q(w) = 6*w - 1. Let c be 1 + (-8)/(-4) - 5. Give q(c).
-13
Let t(s) be the third derivative of -1/2*s**3 + 0 + 1/6*s**4 + 6*s**2 - 1/30*s**5 + 0*s + 1/120*s**6. What is t(2)?
5
Let w be -3*(-3)/9*1. Let t(q) = -w + 2 - 2*q - 4*q. Calculate t(1).
-5
Let a(t) = 15*t**2 - 1. Let j be (3 + -1)*3/6*1. Determine a(j).
14
Suppose 16 = -0*g + 4*g. Let o(b) = -1. Let u(d) = -d - 3. Let w(c) = 4*o(c) - u(c). Give w(g).
3
Let n be (18/15)/((-12)/(-30)). Let u(y) = 4*y - 4. What is u(n)?
8
Let p be -2 + 3 + (1 - -2). Let s(j) be the second derivative of 1/12*j**p + 0*j**2 + j + 0 - 2/3*j**3 + 1/20*j**5. Calculate s(-3).
-6
Let h(g) = 2*g - 2. Suppose 5*z - z = -8. Let r be (-2 - -1)/(z/(-10)). Determine h(r).
-12
Suppose -5*y - 12 = 3. Let c(h) = -4*h - 3. Calculate c(y).
9
Let r(i) = -2*i - 1. Suppose -4*m - 2*a - 1 + 87 = 0, 4*m - 80 = 4*a. Suppose 4*t = t + m. Let z = -5 + t. Give r(z).
-5
Let j(q) = -q**2. Let k(z) = 2. Let u(y) = 2*j(y) + k(y). Calculate u(2).
-6
Let v(q) = -3*q - 2. Let s = -3 - -8. Suppose 10 = s*r - 15. Let j = -8 + r. What is v(j)?
7
Let a(r) = 0*r**2 + r**2 + 5*r + 3 - 4. Give a(-4).
-5
Let u(t) be the first derivative of 3*t**2 - 4*t**2 + 2 - 4 - t. Let j(o) = -o**3 + 9*o**2 + o - 12. Let y be j(9). Determine u(y).
5
Let g(l) = l**2 - 6. Let t be (4/6)/((-4)/18). Let j be 0/((-2 + 8)/t). What is g(j)?
-6
Let l(w) = -4*w**2 - 2*w + 0*w**2 + w**2 - w**3 + 0*w**2. Give l(-2).
0
Let u(l) = -l**2 - 6*l - 5. Let n(g) = 4*g + 34. Let z be n(-10). Give u(z).
-5
Let s(a) = -a**2 + 8*a - 6. Let l be s(6). Let m(q) = 0*q**2 - l*q - 7*q**2 + 0 + 1 - q**3. What is m(-6)?
1
Let y(w) = -2*w**3 + 4*w**2 - w - 5. Let i(m) = -m**3 + 3*m**2 - 4. Let o(d) = -3*i(d) + 2*y(d). Calculate o(-3).
26
Let w(h) = 2*h + 1. Let s be 46/10 - 4/(-10). Suppose 8*a + s = 3*a. Give w(a).
-1
Let g(i) = -i + 2. Let w(z) = -z + 8. Let f(l) = 2*g(l) - w(l). What is f(5)?
-9
Let m(q) = -q**2 + 3*q - 1. Let k(g) = -g**3 - 12*g**2 - 11*g - 5. Let c be k(-11). Let w = -1 - c. Calculate m(w).
-5
Let g(a) = -12*a + 11. Let f(x) = -7*x + 6. Let d(b) = -5*f(b) + 3*g(b). Determine d(8).
-5
Let z(f) = f**2 - 11*f + 4. Let w be z(10). Let r(l) = -l**3 - 7*l**2 - 6*l - 4. Give r(w).
-4
Let q(y) = -3*y**3 - 2*y**2 - y. Let o(u) = 3*u - 14. Let n be o(4). What is q(n)?
18
Let l(p) = p**2 + 5*p. Suppose 2*z = -0*z - 6. Give l(z).
-6
Let a(u) = -2*u - 2. Let q = 11 + -7. Let n(j) = 3 - 5 + 1 + j**3 + j - 4*j**2. Let h be n(q). Determine a(h).
-8
Let o(m) = -m**3 + 2*m**2 - 2*m + 2. Let i be (4 + -2)/(1/(-2)). Let h be (i - -1*2) + -1. Let q = h + 5. Determine o(q).
-2
Let n = 16 + -22. Let g(a) = a**3 + 7*a**2 + 7*a - 2. Calculate g(n).
-8
Suppose -o + 20 = 9*o. Let x(t) = -14*t + 3. Determine x(o).
-25
Let m(z) = -z**2 + z + 5. Suppose 0 = -3*q + w + 13, 6 = -4*w + 2. What is m(q)?
-7
Let i(g) = 5*g - 2. Let x(c) = -c**2 - 4*c + 23. Let t be x(-7). What is i(t)?
8
Let h(d) be the first derivative of 3*d**4 - 7*d**2/2 + 5*d - 6. Let o(b) = -18*b**3 + 10*b - 7. Let f(a) = 7*h(a) + 5*o(a). Calculate f(1).
-5
Let c(n) = -n**3 + 7*n**2 - 8*n + 6. Let k be (-45)/15*(-5)/3. Let b be (2/4)/(1/16). Suppose -k*o - b = -38. Calculate c(o).
-6
Let d be 29/4 - 1/4. Let r = d + -2. Let o(w) = -w**3 + 5*w**2 + w + 1. What is o(r)?
6
Let o(j) be the first derivative of -j**2/2 + 10*j + 7. What is o(6)?
4
Let x(n) = n + 5. Let y = -3 + 6. Let l be 4 - (-3)/3 - y. Let u = -6 + l. Give x(u).
1
Let a(u) be the third derivative of u**7/2520 - u**6/144 + u**5/30 + u**4/12 + 2*u**2. Let w(d) be the second derivative of a(d). What is w(5)?
4
Let p(m) = m**2 + 1. Let h be p(2). Let d(i) = 0*i - 3*i**3 + 3*i + i + 4*i**3 + h*i**2. Calculate d(-3).
6
Let u(t) be the first derivative of -5 - t + 3 + 1. Let f(x) = -2*x - 3. Let i(z) = -f(z) + 4*u(z). Calculate i(4).
7
Let p = 10 - 14. Let c(q) = -q**2 - 5*q - 3. Give c(p).
1
Let x(k) = k**3 + 5*k**2 + 2*k + 3. Suppose -3*f + 3 = -0. Suppose -f - 19 = 4*d. Calculate x(d).
-7
Let h(n) = -n + 3*n**2 - 7*n**2 + 0 + 2 - 2*n. Let s be h(1). Let j(f) = f**3 + 4*f**2 - 7*f - 2. Give j(s).
8
Let r(m) be the second derivative of m**5/20 + 5*m**4/12 + m**3/3 + m**2/2 + 3*m. Suppose -2*k = 11 - 3. Determine r(k).
9
Let x(r) = r**2 - 6*r - 6. Suppose 2*p + 5*m = 15, -6*p + 23 = -2*p + 3*m. Give x(p).
-11
Let w(l) = 241*l - 3 + 233*l - 3*l**2 - l**3 - 479*l. Let q be (1 + 2 + -2)*-3. Determine w(q).
12
Let a(h) be the first derivative of 1/3*h**3 + 5 + 3/2*h**2 - 3*h. Give a(2).
7
Let c(f) = 4*f**2 + 13*f. Let q(m) = 2*m**2 + 6*m. Let u(d) = 3*c(d) - 7*q(d). Determine u(-2).
-2
Let l(t) be the second derivative of -t**4/6 + t**2 - t. Let a(s) = -s**3 - s**2 - s + 2. Let o(q) = -2*a(q) + 3*l(q). Give o(2).
6
Let m(x) = x - 5. Let f(t) be the first derivative of t**4/4 - t**2/2 + 3. Let z be f(0). Give m(z).
-5
Suppose -4*w + 3*i - 1 = 0, 4*i - 12 = -3*w + 2*i. Let o(z) = -5*z - 1. Determine o(w).
-11
Let z(m) = -m - 5. Let r be (-15)/(-12)*2*-2. Let x be z(r). Let k(v) = -1 + v - 6 + 2 - v**2. Give k(x).
-5
Let l(d) = d - 6. Let m(u) = 1. Let a(t) = l(t) - 2*m(t). Determine a(6).
-2
Suppose -2*a - 7*d - 14 = -2*d, 0 = -a + d. Let p(s) be the second derivative of s**3/2 + 3*s**2/2 + 2*s. What is p(a)?
-3
Let o(l) = l**3 + l. Let p = 23 - 25. Give o(p).
-10
Suppose 3 = i, 0*i = -3*d + i - 6. Let q(m) = -3*m - 1. Determine q(d).
2
Suppose -s + 0 + 5 = 0. Let p(w) be the third derivative of w**5/60 - w**4/8 - w**3 - 7*w**2. What is p(s)?
4
Let p(r) = -r**2 - 5*r - 4. Let y = -2 + 4. Suppose y*c + 31 = -5*j + 1, j + 4*c + 24 = 0. Determine p(j).
0
Let f(a) = 6*a**3 - 2*a - 1. Suppose 1 = -o - 3*n, -2*o - 3*n = -5*n + 2. Give f(o).
-5
Let t(g) = -3*g**2 + 5*g - 4. Let b(w) = -13*w**2 + 19*w - 15. Let x(n) = 2*b(n) - 9*t(n). Let r be x(5). Let d(h) = h**2 + 2*h - 4. Determine d(r).
4
Let p(x) be the third derivative of x**5/30 - x**4/6 + x**3/2 + 14*x**2. Calculate p(3).
9
Let a(n) = n**3 + 2*n**2 - 2*n + 3. Let u be a(-3). Suppose u = 3*m - 6*m + 9. Let h(f) = 1 + 0*f**2 + f**2 - f**2 + m*f - f**2. Give h(2).
3
Let l be (-6)/4 - (-49)/(-14). Let i be (l - -2) + (-3)/(-3). Let k(h) be the second derivative of -h**5/20 - h**4/6 - h**3/6 + h**2 + h. Give k(i).
4
Let i(d) = -d**2 + 14*d + 13. Let q be i(14). Let o = q - 5. Let y(x) = -12*x + o*x + 3*x. Calculate y(0).
0
Let z(q) be the second derivative of -q**6/240 + q**5/120 - q**4/6 - 2*q. Let m(a) be the third derivative of z(a). Let h = 4 + -5. Calculate m(h).
4
Let q(u) = -2*u + 3. Let p(j) = -5*j + 5. Let t(l) = 3*p(l) - 7*q(l). Let h(v) = v**2 + 12*v + 14. Let g be h(-10). Give t(g).
0
Let r(a) = 2 - a**2 + 4*a**2 - 2*a**2 - 2*a. Determine r(2).
2
Let p(b) = -3*b + 4. Let w(x) = 